est common factor of 35 and 63.
7
Calculate the highest common divisor of 713 and 155.
31
Calculate the highest common factor of 204 and 1360.
68
Calculate the greatest common divisor of 69 and 1403.
23
Calculate the highest common factor of 14 and 14.
14
Calculate the greatest common factor of 323 and 1037.
17
What is the greatest common factor of 218 and 11881?
109
What is the highest common factor of 27837 and 27?
27
Calculate the greatest common factor of 12707 and 97.
97
Calculate the greatest common divisor of 171 and 8.
1
Calculate the highest common factor of 212 and 5194.
106
What is the highest common factor of 15 and 405?
15
Calculate the greatest common factor of 38 and 146.
2
Calculate the greatest common factor of 7527 and 39.
39
Calculate the greatest common divisor of 160 and 224.
32
Calculate the greatest common factor of 82 and 4.
2
What is the highest common factor of 109 and 24743?
109
Calculate the highest common factor of 4356 and 121.
121
Calculate the highest common factor of 10 and 790.
10
Calculate the greatest common factor of 1292 and 4692.
68
What is the highest common factor of 568 and 10082?
142
Calculate the greatest common divisor of 352 and 22.
22
What is the highest common divisor of 93 and 2883?
93
Calculate the highest common factor of 160 and 505.
5
What is the greatest common divisor of 204 and 8619?
51
What is the highest common divisor of 5254 and 142?
142
Calculate the highest common factor of 148 and 3034.
74
What is the greatest common divisor of 1728 and 320?
64
What is the greatest common divisor of 188 and 329?
47
What is the highest common factor of 1349 and 71?
71
Calculate the highest common divisor of 292 and 13505.
73
Calculate the greatest common divisor of 430 and 10.
10
What is the greatest common divisor of 60 and 92?
4
What is the highest common factor of 564 and 24?
12
What is the highest common factor of 15633 and 162?
81
What is the greatest common divisor of 118 and 13098?
118
Calculate the greatest common divisor of 87 and 75.
3
What is the greatest common factor of 12 and 11328?
12
Calculate the highest common factor of 646 and 68.
34
Calculate the highest common factor of 612 and 252.
36
Calculate the greatest common divisor of 1260 and 56.
28
Calculate the highest common divisor of 10 and 320.
10
Calculate the greatest common factor of 7565 and 34.
17
Calculate the greatest common factor of 52 and 4.
4
What is the greatest common divisor of 10222 and 19?
19
Calculate the greatest common factor of 297 and 11.
11
What is the highest common factor of 247 and 39?
13
Calculate the greatest common divisor of 27 and 2943.
27
Calculate the greatest common factor of 35 and 6685.
35
Calculate the greatest common divisor of 111 and 5217.
111
Calculate the greatest common factor of 5312 and 192.
64
Calculate the greatest common divisor of 192 and 992.
32
What is the highest common divisor of 133 and 231?
7
Calculate the highest common divisor of 1000 and 8.
8
What is the highest common factor of 50 and 240?
10
Calculate the highest common factor of 15 and 5.
5
What is the greatest common divisor of 21 and 103551?
21
Calculate the greatest common factor of 144 and 24.
24
What is the greatest common divisor of 205 and 5?
5
What is the greatest common divisor of 14450 and 204?
34
What is the highest common factor of 424 and 8?
8
Calculate the highest common factor of 6 and 4224.
6
What is the greatest common divisor of 863 and 5?
1
What is the greatest common factor of 567 and 56?
7
What is the highest common factor of 374 and 34?
34
Calculate the greatest common factor of 720 and 160.
80
What is the highest common divisor of 756 and 999?
27
Calculate the highest common factor of 312 and 39.
39
What is the greatest common divisor of 20 and 125?
5
What is the greatest common factor of 1175 and 2021?
47
Calculate the highest common divisor of 6 and 46.
2
Calculate the greatest common divisor of 17 and 122281.
17
What is the highest common factor of 144 and 192?
48
What is the greatest common factor of 3070 and 20?
10
Calculate the highest common factor of 2911 and 71.
71
What is the highest common factor of 600 and 225?
75
What is the highest common divisor of 1971 and 73?
73
Calculate the greatest common factor of 22 and 32626.
22
What is the greatest common divisor of 22 and 176?
22
Calculate the highest common divisor of 1443 and 195.
39
What is the greatest common divisor of 7055 and 170?
85
What is the greatest common factor of 11364 and 24?
12
What is the highest common divisor of 272 and 400?
16
Calculate the highest common divisor of 60 and 15.
15
What is the greatest common divisor of 30 and 2340?
30
What is the greatest common factor of 98 and 14?
14
What is the highest common factor of 22125 and 25?
25
What is the greatest common factor of 16 and 75248?
16
What is the greatest common divisor of 225 and 9?
9
Calculate the highest common factor of 1441 and 11.
11
What is the greatest common factor of 1560 and 3354?
78
Calculate the highest common divisor of 14668 and 228.
76
What is the highest common factor of 425 and 136?
17
What is the greatest common factor of 133 and 475?
19
What is the greatest common divisor of 243 and 13689?
81
What is the highest common factor of 292 and 16?
4
What is the greatest common divisor of 2176 and 640?
128
What is the highest common factor of 400 and 80?
80
What is the highest common divisor of 57 and 57?
57
Calculate the greatest common divisor of 39 and 130.
13
What is the greatest common factor of 91 and 1729?
91
What is the highest common factor of 1842 and 6?
6
Calculate the greatest common divisor of 575 and 75.
25
Calculate the highest common divisor of 429 and 117.
39
Calculate the greatest common divisor of 51535 and 55.
55
Calculate the greatest common divisor of 1833 and 94.
47
Calculate the highest common factor of 2828 and 21.
7
Calculate the greatest common factor of 288 and 18.
18
Calculate the greatest common divisor of 272 and 4964.
68
Calculate the highest common factor of 17199 and 117.
117
What is the highest common factor of 698 and 6?
2
What is the greatest common factor of 17537 and 988?
247
What is the greatest common divisor of 26 and 377?
13
Calculate the highest common factor of 710 and 5.
5
What is the highest common factor of 24 and 4888?
8
Calculate the greatest common factor of 356 and 100.
4
Calculate the highest common divisor of 62 and 62.
62
Calculate the highest common factor of 1378 and 10.
2
What is the highest common divisor of 136 and 85?
17
Calculate the highest common factor of 6 and 195.
3
Calculate the greatest common factor of 3401 and 57.
19
Calculate the greatest common divisor of 5044 and 52.
52
Calculate the highest common factor of 3074 and 116.
58
What is the highest common divisor of 210 and 330?
30
Calculate the greatest common divisor of 3 and 183.
3
What is the greatest common factor of 29 and 899?
29
Calculate the greatest common factor of 52208 and 8.
8
What is the greatest common factor of 50 and 1840?
10
What is the greatest common factor of 18 and 32?
2
Calculate the greatest common factor of 87 and 87.
87
Calculate the greatest common divisor of 288 and 90.
18
What is the highest common factor of 3843 and 63?
63
Calculate the greatest common factor of 783 and 5046.
87
Calculate the greatest common divisor of 100 and 80.
20
What is the highest common divisor of 136 and 56?
8
What is the highest common divisor of 354 and 42?
6
Calculate the greatest common factor of 72 and 171.
9
What is the highest common factor of 442 and 1394?
34
Calculate the highest common factor of 423 and 15792.
141
What is the highest common divisor of 112 and 32?
16
What is the greatest common divisor of 66 and 390?
6
Calculate the greatest common divisor of 1360 and 40.
40
Calculate the greatest common factor of 459 and 972.
27
Calculate the highest common factor of 16 and 185.
1
Calculate the highest common divisor of 12 and 96.
12
Calculate the greatest common divisor of 2 and 422.
2
Calculate the greatest common factor of 372 and 12.
12
Calculate the highest common factor of 741 and 456.
57
Calculate the highest common divisor of 102 and 1530.
102
Calculate the highest common divisor of 44 and 77.
11
What is t